late the highest common divisor of 72 and 23964.
12
Calculate the highest common divisor of 872 and 16.
8
What is the highest common divisor of 312 and 120?
24
What is the highest common factor of 432 and 136?
8
Calculate the highest common factor of 1248 and 2769.
39
What is the highest common divisor of 26 and 1482?
26
Calculate the greatest common divisor of 201 and 2.
1
Calculate the greatest common factor of 410 and 10.
10
What is the highest common divisor of 25728 and 201?
201
Calculate the greatest common factor of 88 and 132.
44
Calculate the greatest common factor of 36 and 288.
36
What is the highest common divisor of 128 and 416?
32
What is the greatest common divisor of 1350 and 200?
50
What is the highest common divisor of 46 and 2806?
46
What is the highest common divisor of 5408 and 130?
26
What is the highest common divisor of 12 and 768?
12
Calculate the highest common divisor of 8092 and 102.
34
Calculate the highest common divisor of 20 and 880.
20
What is the greatest common factor of 628 and 3611?
157
What is the highest common factor of 184 and 8?
8
What is the greatest common divisor of 33 and 44?
11
What is the highest common factor of 792 and 8?
8
What is the greatest common factor of 24 and 60?
12
What is the highest common factor of 3 and 2?
1
What is the highest common divisor of 3773 and 33?
11
Calculate the highest common divisor of 16 and 12976.
16
Calculate the greatest common divisor of 10 and 2560.
10
What is the highest common factor of 2101 and 33?
11
Calculate the greatest common divisor of 58 and 8.
2
Calculate the highest common divisor of 1836 and 102.
102
What is the highest common divisor of 4 and 3?
1
Calculate the greatest common divisor of 84 and 532.
28
What is the highest common divisor of 640 and 80?
80
What is the greatest common divisor of 24 and 168?
24
What is the greatest common factor of 864 and 5238?
54
Calculate the highest common divisor of 425 and 17.
17
What is the highest common divisor of 180 and 855?
45
What is the highest common divisor of 305 and 95?
5
What is the greatest common factor of 42 and 1134?
42
What is the highest common factor of 97 and 70713?
97
Calculate the greatest common divisor of 290 and 110.
10
What is the highest common factor of 225 and 63?
9
Calculate the highest common divisor of 488 and 183.
61
Calculate the greatest common factor of 28 and 77.
7
What is the highest common factor of 41 and 451?
41
Calculate the greatest common divisor of 64 and 11.
1
What is the highest common factor of 1012 and 1364?
44
Calculate the highest common divisor of 777 and 259.
259
Calculate the highest common divisor of 15952 and 16.
16
What is the greatest common divisor of 16 and 22?
2
Calculate the greatest common factor of 495 and 135.
45
Calculate the greatest common divisor of 5 and 8.
1
Calculate the highest common factor of 1000 and 700.
100
Calculate the greatest common factor of 3211 and 39.
13
Calculate the greatest common factor of 117 and 39.
39
Calculate the greatest common factor of 20 and 260.
20
Calculate the highest common factor of 190 and 10.
10
What is the greatest common divisor of 928 and 3?
1
What is the highest common factor of 174 and 3422?
58
What is the greatest common divisor of 43 and 559?
43
Calculate the highest common divisor of 713 and 31.
31
What is the highest common factor of 95 and 4085?
95
What is the highest common divisor of 113 and 1808?
113
Calculate the greatest common divisor of 475 and 1520.
95
What is the greatest common divisor of 40 and 790?
10
What is the greatest common divisor of 2146 and 174?
58
What is the greatest common factor of 845 and 325?
65
What is the greatest common factor of 123 and 492?
123
Calculate the highest common divisor of 192 and 2520.
24
What is the greatest common factor of 336 and 189?
21
Calculate the highest common divisor of 172 and 5246.
86
Calculate the highest common divisor of 187 and 102.
17
Calculate the highest common divisor of 2303 and 188.
47
What is the highest common factor of 2534 and 14?
14
What is the greatest common factor of 759 and 23782?
253
What is the highest common divisor of 36 and 216?
36
What is the highest common divisor of 32 and 248?
8
Calculate the highest common factor of 16 and 7528.
8
What is the highest common divisor of 30 and 6870?
30
What is the greatest common factor of 6512 and 264?
88
What is the greatest common divisor of 6 and 147?
3
What is the greatest common factor of 8937 and 27?
27
Calculate the highest common divisor of 168 and 1864.
8
What is the highest common factor of 12 and 78?
6
What is the greatest common divisor of 85 and 272?
17
Calculate the highest common factor of 40 and 520.
40
Calculate the greatest common divisor of 140 and 105.
35
What is the highest common divisor of 680 and 160?
40
Calculate the greatest common divisor of 176 and 3850.
22
Calculate the highest common divisor of 9 and 82413.
9
Calculate the highest common divisor of 1753 and 1.
1
What is the greatest common divisor of 50 and 8?
2
Calculate the highest common divisor of 13 and 65.
13
What is the highest common factor of 65 and 10?
5
Calculate the highest common factor of 19 and 171.
19
What is the highest common divisor of 264 and 2304?
24
Calculate the greatest common divisor of 108 and 27.
27
What is the highest common divisor of 10 and 26?
2
What is the highest common divisor of 28629 and 18?
9
What is the highest common divisor of 2214 and 82?
82
What is the highest common factor of 343 and 14?
7
What is the highest common factor of 245 and 2891?
49
Calculate the greatest common divisor of 612 and 1494.
18
What is the highest common factor of 6758 and 62?
62
Calculate the greatest common divisor of 3 and 3.
3
What is the greatest common factor of 35679 and 21?
21
Calculate the greatest common factor of 56 and 88.
8
What is the highest common divisor of 12 and 804?
12
What is the greatest common factor of 136 and 238?
34
What is the greatest common factor of 7 and 112?
7
Calculate the greatest common divisor of 3 and 2.
1
What is the highest common divisor of 1695 and 150?
15
Calculate the highest common factor of 3 and 177.
3
Calculate the greatest common divisor of 720 and 224.
16
Calculate the highest common divisor of 200 and 520.
40
What is the greatest common factor of 1544 and 8?
8
What is the highest common divisor of 7525 and 1204?
301
Calculate the highest common factor of 330 and 18570.
30
Calculate the highest common divisor of 54 and 198.
18
What is the highest common divisor of 16151 and 62?
31
What is the greatest common divisor of 280 and 80?
40
Calculate the greatest common factor of 20692 and 14.
14
Calculate the highest common divisor of 25 and 75.
25
Calculate the greatest common factor of 31 and 527.
31
Calculate the greatest common factor of 3750 and 90.
30
Calculate the highest common divisor of 1176 and 108.
12
Calculate the greatest common divisor of 68 and 240.
4
Calculate the greatest common divisor of 7 and 2513.
7
Calculate the greatest common divisor of 6 and 678.
6
What is the highest common divisor of 781 and 209?
11
What is the highest common divisor of 33 and 627?
33
Calculate the greatest common divisor of 82112 and 64.
64
What is the highest common factor of 80 and 64?
16
Calculate the greatest common factor of 144 and 63.
9
What is the greatest common divisor of 2000 and 100?
100
Calculate the greatest common divisor of 5 and 1415.
5
What is the highest common factor of 297 and 66?
33
Calculate the highest common factor of 1196 and 460.
92
Calculate the greatest common divisor of 2486 and 682.
22
What is the highest common factor of 232 and 812?
116
Calculate the highest common factor of 533 and 82.
41
Calculate the highest common divisor of 40 and 16.
8
Calculate the greatest common divisor of 400 and 192.
16
What is the highest common factor of 150 and 130?
10
What is the greatest common factor of 68 and 24?
4
What is the highest common factor of 264 and 176?
88
Calculate the greatest common factor of 372 and 84.
12
Calculate the greatest common factor of 583 and 7261.
53
Calculate the greatest common factor of 768 and 336.
48
What is the highest common divisor of 56 and 14?
14
Calculate the greatest common factor of 9301 a